*p**2. What is s(-1)?
6
Let d(s) = -s**2 - 6*s - 16. Calculate d(-3).
-7
Let h(n) = -n**2 + 9*n + 4. What is h(8)?
12
Let a(x) = -x**3 - 4*x**2 + 4*x - 3. Give a(2).
-19
Let l(i) = i**3 - 2*i**2 - 5*i + 8. Give l(3).
2
Let l(b) = -3*b - 20. What is l(-5)?
-5
Let y(g) = g**3 + 4*g**2 + 4*g + 4. Determine y(-4).
-12
Let s(i) = -i**2 + 4*i - 5. What is s(3)?
-2
Let w(a) = a + 7. Give w(-18).
-11
Let x(w) = -12*w - 38. Calculate x(-4).
10
Let y(b) = b**3 - 11*b**2 + 13*b - 14. Give y(10).
16
Let y(c) = c**2 - 13*c - 13. Calculate y(14).
1
Let k(t) = -t**3 - 7*t**2 - 11*t - 15. What is k(-5)?
-10
Let z(m) = m**3 + 4*m**2 + 8*m + 20. What is z(-3)?
5
Let r(j) = -18*j - 1. Determine r(-3).
53
Let k(t) = -43*t**3 + 2*t**2 - t. What is k(1)?
-42
Let s(p) = -2*p - 133. What is s(-32)?
-69
Let h(p) = p**2 - 10*p - 82. What is h(14)?
-26
Let v(q) = -q**3 + 4*q**2 + 14*q - 5. Calculate v(6).
7
Let z(q) = q**3 + 8*q**2 - 2*q - 5. What is z(-8)?
11
Let x(z) = z**2 - 28*z + 45. Calculate x(26).
-7
Let d(t) = 14*t - 46. Give d(3).
-4
Let z(i) = -2*i**3 - 7*i**2 + 29*i - 7. Give z(-6).
-1
Let u(n) = 23*n**3 - 3*n**2 + n + 2. Determine u(-1).
-25
Let c(f) = f**3 - 4*f**2 - f + 6. Give c(2).
-4
Let o(c) = c**3 - 8*c - 3. Give o(-3).
-6
Let t(z) = 16*z**2 + 6*z + 6. Determine t(-2).
58
Let a(t) = -t**2 + 15*t - 60. What is a(7)?
-4
Let t(i) = i**3 - 7*i**2 - 7*i - 13. Give t(8).
-5
Let y(q) = -q + 8. Give y(13).
-5
Let m(u) = -u**3 - 44*u**2 + 93*u + 44. Calculate m(-46).
-2
Let y(t) = t + 5. Determine y(-1).
4
Let a(k) = -k**3 + 11*k**2 + 13*k - 11. Give a(12).
1
Let j(a) = a**2 + 9*a - 2. What is j(-8)?
-10
Let s(v) = v**3 + 14*v**2 - 15*v - 28. Give s(-15).
-28
Let f(n) = -3*n + 5. What is f(4)?
-7
Let p(r) = r**2 + 4*r - 5. Determine p(-5).
0
Let k(h) = -2*h + 2. Calculate k(6).
-10
Let j(y) = -4*y**2 - 264*y + 266. What is j(-67)?
-2
Let t(a) = 3*a + 32. Calculate t(-8).
8
Let o(y) = -2*y**2 + 3*y - 2. Calculate o(2).
-4
Let v(o) = -7*o + 3. What is v(3)?
-18
Let w(c) = -9*c**3 + 4*c**2 - 3. Determine w(1).
-8
Let v(a) = 5*a - 195. What is v(40)?
5
Let t(m) = -6*m - 4. Calculate t(1).
-10
Let z(b) = 4*b + 34. Determine z(-8).
2
Let o(y) = y + 2. Calculate o(-11).
-9
Let v(t) = -3*t - 4. Give v(-2).
2
Let x(v) = -v**3 + 9*v**2 - 6*v + 8. What is x(8)?
24
Let z(t) = -t - 4. Calculate z(9).
-13
Let z(n) = n**3 - 23*n**2 - 24*n + 4. Determine z(24).
4
Let p(c) = c**2 + 22*c + 36. Give p(-2).
-4
Let g(m) = m**3 - 6*m**2 + 4*m - 1. Calculate g(5).
-6
Let k(s) = -s**3 - 13*s**2 + 16*s + 33. Calculate k(-14).
5
Let v(z) = -z**2 + 19*z + 256. Calculate v(-9).
4
Let u(v) = v - 40. Calculate u(11).
-29
Let j(v) = v**3 + 9*v**2 - 35*v + 5. Determine j(-12).
-7
Let m(s) = -4*s - 26. Determine m(-6).
-2
Let w(x) = x**3 + 18*x**2 - 28*x - 44. Determine w(-19).
127
Let g(z) = -21*z - 128. Give g(-6).
-2
Let p(v) = -v**3 - 16*v**2 - 35*v - 19. Determine p(-14).
79
Let t(s) = 2*s**3 - s + 4. Calculate t(2).
18
Let x(d) = d**3 + 18*d**2 - 2*d + 21. Determine x(-18).
57
Let d(m) = 15*m + 40. Determine d(-11).
-125
Let u(h) = -h**2 - 16*h - 16. Give u(-15).
-1
Let j(d) = d**3 + 3*d**2 - d - 5. Calculate j(-4).
-17
Let q(i) = i**2 - 9*i - 10. Determine q(7).
-24
Let n(g) = g**3 - 7*g**2 + 4*g - 75. What is n(8)?
21
Let c(k) = 8*k - 1. Calculate c(1).
7
Let q(n) = 13*n + 219. Calculate q(-16).
11
Let a(x) = 3*x**3 - 3*x**2 + 3*x - 2. Give a(1).
1
Let l(p) = p**3 + 12*p**2 + 2*p - 2. What is l(-12)?
-26
Let m(a) = a - 19. Determine m(14).
-5
Let s(p) = -2*p**3 - 15*p**2 - 12*p - 16. Determine s(-7).
19
Let p(v) = -6*v - 192. Determine p(-32).
0
Let u(b) = 15*b + 39. Give u(-3).
-6
Let k(p) = -5*p - 112. Calculate k(-23).
3
Let u(j) = -6*j - 125. Give u(-20).
-5
Let q(o) = 2*o - 2. Give q(4).
6
Let s(p) = -2*p + 36. Give s(-5).
46
Let k(z) = 2*z**3 - 2*z**2 - 3*z + 3. Determine k(3).
30
Let p(z) = -z**3 - 38*z**2 - 39*z - 69. What is p(-37)?
5
Let d(a) = -a**3 + 15*a**2 - 16*a + 33. What is d(14)?
5
Let t(x) = -x**2 + 7*x - 6. Give t(6).
0
Let l(s) = s**3 - 4*s**2 - s + 2. Determine l(2).
-8
Let o(b) = -5*b - 10. Determine o(-6).
20
Let r(z) = -4*z + 6. Calculate r(4).
-10
Let f(b) = -b**3 + 32*b**2 + 31*b + 60. Determine f(33).
-6
Let g(w) = -w**3 - 10*w**2 + 39*w + 7. Calculate g(-13).
7
Let z(q) = q**3 + 7*q**2 + 6*q + 7. Give z(-5).
27
Let a(u) = -2*u**2 + 13*u - 17. Determine a(8).
-41
Let t(a) = a**3 + a**2 + 2*a + 2. Give t(-2).
-6
Let a(b) = 10*b**3 + b**2 - 6*b + 5. Determine a(2).
77
Let l(s) = -s - 2. Determine l(-7).
5
Let z(n) = -n**3 - 20*n**2 - 21*n - 34. Calculate z(-19).
4
Let d(p) = -15*p - 12. Calculate d(8).
-132
Let k(i) = -4*i + 3. Calculate k(-1).
7
Let p(b) = -9*b - 59. What is p(-5)?
-14
Let d(c) = -c**3 - 9*c**2 + 33*c - 41. What is d(-12)?
-5
Let u(f) = -f**3 + 11*f**2 - 2*f. Determine u(11).
-22
Let l(o) = o**3 - 13*o**2 + 13*o + 17. Determine l(12).
29
Let t(o) = -o**3 - 4*o**2 + 5*o - 5. What is t(-5)?
-5
Let a(r) = 2*r**2 + 45*r + 21. Give a(-22).
-1
Let w(c) = -178*c + 1. Determine w(-1).
179
Let t(i) = -i - 7. Give t(0).
-7
Let w(h) = h**3 + 11*h**2 + 14*h - 12. Determine w(-10).
-52
Let n(r) = 9*r + 26. Determine n(-6).
-28
Let m(s) = -2*s**3 - 6*s**2 - 14*s - 19. Give m(-2).
1
Let r(c) = -2*c**2 - 3*c + 2. What is r(2)?
-12
Let x(w) = -w**2 + w + 5. What is x(6)?
-25
Let w(u) = -u**3 + 41*u**2 - 41*u + 45. Give w(40).
5
Let d(c) = c + 11. Give d(-2).
9
Let x(o) = -o**2 - 14*o + 14. Determine x(-6).
62
Let m(i) = -i - 7. Give m(-6).
-1
Let j(x) = x**2 - x - 327. Determine j(19).
15
Let w(t) = -t**3 - 9*t**2 + 28*t + 6. Determine w(-12).
102
Let a(u) = 5*u**2 + u - 1. Calculate a(1).
5
Let r(a) = -a**2 + a + 18. Calculate r(0).
18
Let s(b) = 2*b**2 + 17*b - 15. Calculate s(-11).
40
Let x(k) = -3*k - 55. What is x(-27)?
26
Let l(c) = -8*c + 1. Give l(1).
-7
Let l(q) = -2*q - 92. Determine l(-36).
-20
Let j(b) = 112*b - 95. Give j(1).
17
Let u(g) = g**2 - 12*g + 37. Calculate u(8).
5
Let i(f) = -2*f**3 - 2*f**2 - 4*f - 1. Determine i(-3).
47
Let s(m) = 2*m**2 + 14*m + 17. Determine s(-4).
-7
Let s(y) = y**3 - 8*y**2 + 3*y - 10. Calculate s(8).
14
Let q(z) = -z**3 - 16*z**2 - 51*z + 38. Calculate q(-6).
-16
Let a(r) = -r**3 + 13*r**2 + 12*r. Calculate a(14).
-28
Let u(c) = c + 11. Calculate u(14).
25
Let g(s) = s - 12. Calculate g(16).
4
Let o(u) = -u**3 + 10*u**2 + u - 53. Calculate o(7).
101
Let u(h) = 6*h - 32. Calculate u(6).
4
Let q(p) = -p**2 + 4*p + 44. What is q(9)?
-1
Let r(w) = w + 13. Determine r(-17).
-4
Let a(d) = 8*d - 1. What is a(1)?
7
Let t(v) = v**3 + 19*v**2 - 41*v + 19. What is t(-21)?
-2
Let b(u) = 8*u + 6. Determine b(-6).
-42
Let m(h) = -17*h + 129. Give m(6).
27
Let i(a) = -a**2 + 6*a + 6. Give i(6).
6
Let p(s) = -s**3 - 29*s**2 - 54*s + 4. Calculate p(-27).
4
Let h(t) = -t**2 - 9*t - 6. Calculate h(-3).
12
Let c(o) = -o**3 + 3*o**2 - 3*o + 19. Give c(5).
-46
Let u(x) = 2*x + 32. Give u(-16).
0
Let b(p) = p + 161. Give b(0).
161
Let o(g) = 2*g**2 - 18*g + 11. Give o(10).
31
Let i(f) = -4*f**2 + 5*f - 4. Give i(1).
-3
Let b(c) = -3*c**2 + c - 33. Calculate b(0).
-33
Let w(k) = -k**2 - 3*k - 9. What is w(-4)?
-13
Let r(j) = 55*j + 1. Calculate r(0).
1
Let w(d) = d**3 - d**2 - d - 2. Determine w(0).
-2
Let v(l) = l**2 + 2*l - 50. Determine v(6).
-2
Let m(n) = n**3 + 22*n**2 + 114*n - 39. Give m(-13).
0
Let t(r) = -r + 2. Calculate t(5).
-3
Let r(u) = -54*u - 60. What is r(-1)?
-6
Let n(r) = -3*r**2 - 2*r + 2. What is n(1)?
-3
Let y(j) = 2*j**3 + j. Determine y(2).
18
Let i(z) = z**3 - 8*z**2 + 18*z - 78. Calculate i(7).
-1
Let q(w) = -2*w**2 - 7*w - 5. What is q(-2)?
1
Let d(l) = -7*l**2 + 4. Give d(3).
-59
Let b(x) = x**3 - 8*x**2 + 9*x + 6. Give b(7).
20
Let k(b) = b**2 - 3*b. What is k(4)?
4
Let o(u) = -10*u + 140. What is o(19)?
-50
Let h(g) = -g**2 + 21*g - 69. Determine h(17).
-1
Let u(g) = 20*g - 15. What is u(4)?
65
Let o(x) = x**2 + 16*x + 51. What is o(-10)?
-9
Let c(b) = 2*b**3 + 4*b**2 + 2*b. Calculate c(-2).
-4
Let r(p) = -2*p**2 - 3*p + 18. Determine r(8).
-134
Let x(k) = -17*k**3 - 2*k**2 - 4*k - 5. What is x(-2)?
131
Let n(u) = u**2 - 5*u + 1. Determine n(9).
37
Let z(j) = -2*j**2 - 10*j + 6. What is z(-5)?
6
Let u(i) = 2*i**3 - 4*i**2 - 4. Determine u(3).
14
Let r(l) = 50*l**3 - l**2 + 1. Calculate r(-1).
-50
Le